{"id":196,"date":"2017-01-02T12:10:57","date_gmt":"2017-01-02T12:10:57","guid":{"rendered":"https:\/\/raratheme.com\/preview\/lawyer-landing-page\/?page_id=196"},"modified":"2024-02-22T21:39:42","modified_gmt":"2024-02-22T21:39:42","slug":"transport","status":"publish","type":"page","link":"https:\/\/www.autotechnik.pro\/en\/transport\/","title":{"rendered":"Us\u0142uga transportu"},"content":{"rendered":"<ul>\n<li>All our cars for sale are technically efficient<\/li>\n<li>We offer our clients domestic and foreign transport through transport companies with which we cooperate<\/li>\n<\/ul>\nngg_shortcode_0_placeholder\n<ul>\n<li>Po sprzeda\u017cy na bie\u017c\u0105co utrzymujemy kontakt z naszymi klientami bezpo\u015brednio przez Whatsapp informuj\u0105c ich o ca\u0142ym procesie transportowym od za\u0142adunku po dostaw\u0119<\/li>\n<\/ul>","protected":false},"excerpt":{"rendered":"<p>Wszystkie nasze auta na sprzeda\u017c s\u0105 sprawne technicznie Oferujemy naszym klientom transport krajowy i zagraniczny za po\u015brednictwem firm transportowych z kt\u00f3rymi wsp\u00f3\u0142pracujemy &nbsp; Po sprzeda\u017cy na bie\u017c\u0105co utrzymujemy kontakt z naszymi klientami bezpo\u015brednio przez Whatsapp informuj\u0105c ich o ca\u0142ym procesie &hellip; <\/p>","protected":false},"author":1,"featured_media":0,"parent":0,"menu_order":0,"comment_status":"closed","ping_status":"closed","template":"","meta":{"om_disable_all_campaigns":false,"_monsterinsights_skip_tracking":false,"_monsterinsights_sitenote_active":false,"_monsterinsights_sitenote_note":"","_monsterinsights_sitenote_category":0,"ngg_post_thumbnail":0,"_joinchat":[],"footnotes":""},"class_list":["post-196","page","type-page","status-publish","hentry"],"aioseo_notices":[],"_links":{"self":[{"href":"https:\/\/www.autotechnik.pro\/en\/wp-json\/wp\/v2\/pages\/196","targetHints":{"allow":["GET"]}}],"collection":[{"href":"https:\/\/www.autotechnik.pro\/en\/wp-json\/wp\/v2\/pages"}],"about":[{"href":"https:\/\/www.autotechnik.pro\/en\/wp-json\/wp\/v2\/types\/page"}],"author":[{"embeddable":true,"href":"https:\/\/www.autotechnik.pro\/en\/wp-json\/wp\/v2\/users\/1"}],"replies":[{"embeddable":true,"href":"https:\/\/www.autotechnik.pro\/en\/wp-json\/wp\/v2\/comments?post=196"}],"version-history":[{"count":14,"href":"https:\/\/www.autotechnik.pro\/en\/wp-json\/wp\/v2\/pages\/196\/revisions"}],"predecessor-version":[{"id":2218,"href":"https:\/\/www.autotechnik.pro\/en\/wp-json\/wp\/v2\/pages\/196\/revisions\/2218"}],"wp:attachment":[{"href":"https:\/\/www.autotechnik.pro\/en\/wp-json\/wp\/v2\/media?parent=196"}],"curies":[{"name":"wp","href":"https:\/\/api.w.org\/{rel}","templated":true}]}}

Usługa transportu

<ul>
<li>All our cars for sale are technically efficient</li>
<li>We offer our clients domestic and foreign transport through transport companies with which we cooperate</li>
</ul>
ngg_shortcode_0_placeholder
<ul>
<li>Po sprzedaży na bieżąco utrzymujemy kontakt z naszymi klientami bezpośrednio przez Whatsapp informując ich o całym procesie transportowym od załadunku po dostawę</li>
</ul>

<p>Wszystkie nasze auta na sprzedaż są sprawne technicznie Oferujemy naszym klientom transport krajowy i zagraniczny za pośrednictwem firm transportowych z którymi współpracujemy &nbsp; Po sprzedaży na bieżąco utrzymujemy kontakt z naszymi klientami bezpośrednio przez Whatsapp informując ich o całym procesie &hellip; </p>
