{"id":127,"date":"2016-12-26T09:40:13","date_gmt":"2016-12-26T09:40:13","guid":{"rendered":"https:\/\/raratheme.com\/preview\/lawyer-landing-page\/?page_id=127"},"modified":"2025-04-02T14:51:21","modified_gmt":"2025-04-02T14:51:21","slug":"kontakt","status":"publish","type":"page","link":"https:\/\/www.autotechnik.pro\/en\/kontakt\/","title":{"rendered":"Contact"},"content":{"rendered":"<p>Feel free to contact us. We will be happy to answer all your questions.<\/p>\n<p><strong>AUTO TECHNIK Sebastian Opala<\/strong><br \/>\nWilk\u00f3w, ul. \u0141ysog\u00f3rska 167<br \/>\n26-010 Bodzentyn,\nPoland<br \/>\nEU Tax number: <strong>PL6572700026<br \/>\n<\/strong><\/p>\n<p>Tel. +48 600 422 823<br \/>\nE-mail: <a href=\"mailto:info@autotechnik.pro\" target=\"_blank\" rel=\"noopener\">info@autotechnik.pro<\/a><\/p>\n<p>&nbsp;<\/p>","protected":false},"excerpt":{"rendered":"<p>Zapraszamy do kontaktu z nami. Ch\u0119tnie odpowiemy na wszystkie Pa\u0144stwa pytania. AUTO TECHNIK Sebastian Opala Wilk\u00f3w, ul. \u0141ysog\u00f3rska 167 26-010 Bodzentyn EU Tax number: PL6572700026 Tel. +48 600 422 823 E-mail: info@autotechnik.pro &nbsp;<\/p>","protected":false},"author":1,"featured_media":0,"parent":0,"menu_order":0,"comment_status":"closed","ping_status":"closed","template":"","meta":{"om_disable_all_campaigns":false,"_monsterinsights_skip_tracking":false,"_monsterinsights_sitenote_active":false,"_monsterinsights_sitenote_note":"","_monsterinsights_sitenote_category":0,"ngg_post_thumbnail":0,"_joinchat":[],"footnotes":""},"class_list":["post-127","page","type-page","status-publish","hentry"],"aioseo_notices":[],"_links":{"self":[{"href":"https:\/\/www.autotechnik.pro\/en\/wp-json\/wp\/v2\/pages\/127","targetHints":{"allow":["GET"]}}],"collection":[{"href":"https:\/\/www.autotechnik.pro\/en\/wp-json\/wp\/v2\/pages"}],"about":[{"href":"https:\/\/www.autotechnik.pro\/en\/wp-json\/wp\/v2\/types\/page"}],"author":[{"embeddable":true,"href":"https:\/\/www.autotechnik.pro\/en\/wp-json\/wp\/v2\/users\/1"}],"replies":[{"embeddable":true,"href":"https:\/\/www.autotechnik.pro\/en\/wp-json\/wp\/v2\/comments?post=127"}],"version-history":[{"count":12,"href":"https:\/\/www.autotechnik.pro\/en\/wp-json\/wp\/v2\/pages\/127\/revisions"}],"predecessor-version":[{"id":2777,"href":"https:\/\/www.autotechnik.pro\/en\/wp-json\/wp\/v2\/pages\/127\/revisions\/2777"}],"wp:attachment":[{"href":"https:\/\/www.autotechnik.pro\/en\/wp-json\/wp\/v2\/media?parent=127"}],"curies":[{"name":"wp","href":"https:\/\/api.w.org\/{rel}","templated":true}]}}

<p>Feel free to contact us. We will be happy to answer all your questions.</p>
<p><strong>AUTO TECHNIK Sebastian Opala</strong><br />
Wilków, ul. Łysogórska 167<br />
26-010 Bodzentyn,
Poland<br />
EU Tax number: <strong>PL6572700026<br />
</strong></p>
<p>Tel. +48 600 422 823<br />
E-mail: <a href="mailto:info@autotechnik.pro" target="_blank" rel="noopener">info@autotechnik.pro</a></p>
<p>&nbsp;</p>

<p>Zapraszamy do kontaktu z nami. Chętnie odpowiemy na wszystkie Państwa pytania. AUTO TECHNIK Sebastian Opala Wilków, ul. Łysogórska 167 26-010 Bodzentyn EU Tax number: PL6572700026 Tel. +48 600 422 823 E-mail: info@autotechnik.pro &nbsp;</p>
